 to base 9
-1131
Convert -64 (base 12) to base 13.
-5b
-1111110000 (base 2) to base 9
-1340
What is -13015 (base 8) in base 4?
-1120031
Convert -132 (base 13) to base 6.
-550
Convert 153 (base 15) to base 11.
256
Convert -44403 (base 5) to base 9.
-4227
Convert -4244 (base 5) to base 4.
-20332
What is -243 (base 14) in base 13?
-289
211220221 (base 3) to base 11
11612
Convert 2112001 (base 3) to base 7.
5233
Convert 651 (base 12) to base 8.
1635
What is 743 (base 8) in base 13?
2b2
27b6 (base 12) to base 7
16263
What is 514d (base 15) in base 12?
9b31
What is -2551 (base 7) in base 13?
-595
What is -6bac (base 14) in base 7?
-105505
Convert 11022 (base 3) to base 12.
98
Convert -cde7 (base 16) to base 12.
-26607
-116211 (base 7) to base 2
-101001101111100
Convert -1c4 (base 13) to base 8.
-511
2514 (base 6) to base 9
761
What is a94 (base 15) in base 5?
34024
What is 11002212 (base 4) in base 3?
1001022200
Convert -1609 (base 11) to base 9.
-2745
Convert -22033 (base 4) to base 6.
-3011
What is 4345 (base 6) in base 13?
5c0
46750 (base 8) to base 16
4de8
What is -1011011111011011 (base 2) in base 10?
-47067
Convert 213025 (base 6) to base 7.
102026
361 (base 12) to base 2
111111001
What is -1130300 (base 4) in base 6?
-43252
What is -9916 (base 10) in base 11?
-74a5
10114 (base 6) to base 5
20332
What is 27454 (base 8) in base 11?
9089
What is -841 (base 12) in base 13?
-715
Convert 20012 (base 4) to base 2.
1000000110
-221d (base 16) to base 3
-102222110
What is 90 (base 14) in base 16?
7e
-20113 (base 5) to base 15
-5a8
-20222 (base 4) to base 5
-4204
-2087 (base 12) to base 4
-313213
What is -12044 (base 6) in base 15?
-7c1
110000110101 (base 2) to base 14
11d3
-121121201 (base 3) to base 14
-45b5
-1100000100110 (base 2) to base 15
-1c72
Convert 2122221 (base 3) to base 7.
5443
Convert 2455 (base 9) to base 11.
1416
What is -1101110001111001 (base 2) in base 7?
-323360
1100001010 (base 2) to base 11
648
34d (base 16) to base 14
445
What is 283 (base 10) in base 5?
2113
-100404 (base 6) to base 5
-223144
-23c (base 15) to base 9
-623
2014 (base 7) to base 13
418
-65a (base 12) to base 4
-32212
Convert -1764 (base 10) to base 4.
-123210
512 (base 6) to base 4
2330
Convert -111452 (base 6) to base 13.
-4400
Convert 11120211 (base 4) to base 15.
6803
What is 10107 (base 11) in base 12?
8669
-32256 (base 7) to base 15
-25a3
Convert 967 (base 16) to base 12.
1487
Convert -2122012 (base 3) to base 15.
-882
Convert 1315 (base 9) to base 15.
45b
What is -30303233 (base 4) in base 9?
-78862
1400 (base 5) to base 11
195
What is 113230 (base 4) in base 9?
2064
What is 1440 (base 13) in base 7?
11346
-100010101 (base 2) to base 10
-277
Convert 768 (base 12) to base 13.
659
4232 (base 5) to base 13
348
Convert -1647 (base 9) to base 5.
-20013
Convert -3124 (base 5) to base 4.
-12132
What is -191a1 (base 11) in base 10?
-26852
Convert 1013303 (base 4) to base 2.
1000111110011
What is 230 (base 14) in base 4?
12302
What is -220b (base 13) in base 8?
-11207
Convert -86e (base 15) to base 6.
-12452
-270 (base 13) to base 3
-120220
What is -37471 (base 8) in base 7?
-65121
Convert -2532 (base 7) to base 6.
-4230
Convert -7774 (base 8) to base 4.
-333330
a18 (base 12) to base 16
5b4
What is -482 (base 11) in base 13?
-352
What is -548 (base 15) in base 2?
-10010101001
What is -102102 (base 3) in base 15?
-158
-1ba2 (base 12) to base 5
-102214
256 (base 7) to base 3
12011
What is -10335 (base 7) in base 5?
-40244
What is -946 (base 12) in base 13?
-7cb
What is -32400 (base 7) in base 5?
-224320
Convert -42675 (base 8) to base 16.
-45bd
7231 (base 8) to base 9
5112
What is 376 (base 9) in base 7?
624
What is 1226 (base 7) in base 12?
325
7655 (base 9) to base 11
4267
2013 (base 4) to base 5
1020
Convert 45 (base 15) to base 11.
5a
What is -1100111011 (base 2) in base 11?
-692
Convert -41c (base 14) to base 7.
-2235
Convert 1086 (base 14) to base 13.
13c2
443 (base 5) to base 10
123
What is -33b (base 12) in base 3?
-122202
Convert -20001 (base 10) to base 3.
-1000102210
What is 122302 (base 4) in base 15?
794
4715 (base 11) to base 10
6187
Convert -45233 (base 7) to base 3.
-120200202
Convert 16146 (base 9) to base 10.
11058
What is 77704 (base 8) in base 9?
48772
-1098 (base 14) to base 9
-3847
23226 (base 10) to base 13
a758
What is 10542 (base 10) in base 8?
24456
What is -1665 (base 8) in base 11?
-793
What is 1010020000 (base 3) in base 13?
a04a
Convert 26507 (base 10) to base 15.
7cc2
Convert 101011001110011 (base 2) to base 16.
5673
-10201211 (base 3) to base 5
-41342
Convert 4839 (base 10) to base 13.
2283
What is 15756 (base 8) in base 2?
1101111101110
What is 35552 (base 6) in base 5?
131210
-33021 (base 4) to base 10
-969
Convert -1122002120 (base 3) to base 4.
-13312101
-31031 (base 5) to base 9
-2680
Convert -39b (base 14) to base 8.
-1325
-4d59 (base 16) to base 14
-7305
What is -10212002 (base 3) in base 15?
-c75
What is 432032 (base 5) in base 3?
202002022
1776 (base 8) to base 10
1022
-124241 (base 5) to base 8
-11522
Convert -110101010 (base 2) to base 9.
-523
5002 (base 7) to base 8
3265
What is -1079 (base 11) in base 10?
-1417
Convert 15450 (base 8) to base 5.
210302
What is 502 (base 6) in base 5?
1212
-860 (base 12) to base 6
-5400
What is 2883 (base 16) in base 9?
15203
222201 (base 4) to base 3
10201210
Convert 1684 (base 10) to base 3.
2022101
What is 2442 (base 10) in base 8?
4612
-1111010011101000 (base 2) to base 13
-226ca
Convert -3653 (base 7) to base 3.
-1212102
Convert 531 (base 7) to base 14.
151
118138 (base 9) to base 12
354b2
-103235 (base 6) to base 13
-3b54
1263 (base 8) to base 6
3111
1371 (base 15) to base 16
103c
Convert 10133 (base 5) to base 6.
3032
Convert 10010000011001 (base 2) to base 6.
110441
-1310 (base 5) to base 15
-da
What is 1134 (base 7) in base 14?
21b
1855 (base 9) to base 8
2623
What is 500 (base 9) in base 15?
1c0
What is 200112 (base 3) in base 2?
111110100
Convert -4202 (base 8) to base 3.
-2222200
What is 121022 (base 3) in base 13?
27b
51550 (base 7) to base 5
401003
Convert 1120222221 (base 3) to base 13.
11362
Convert a1 (base 15) to base 4.
2113
234 (base 12) to base 9
404
-11000111100000 (base 2) to base 6
-135040
What is 333a (base 12) in base 11?
4288
Convert -110222001 (base 3) to base 7.
-36361
What is -20121 (base 3) in base 14?
-ca
-1c7 (base 15) to base 12
-2a4
What is 2726 (base 9) in base 11?
15a3
Convert -110111101001 (base 2) to base 16.
-de9
What is 21222 (base 3) in base 4?
3113
What is 21111201 (base 3) in base 8?
12541
Convert 3254 (base 9) to base 5.
34043
-24243 (base 5) to base 3
-2111112
What is 1151 (base 8) in base 12?
435
11223 (base 4) to base 11
300
Convert -100220 (base 3) to base 9.
-326
What is 656 (base 7) in base 6?
1315
What is -205 (base 14) in base 5?
-3042
What is -e8 (base 16) in base 7?
-451
21c7 (base 13) to base 14
1a18
What is -8191 (base 12) in base 2?
-11011011111101
What is 607 (base 15) in base 4?
111031
Convert -1120231 (base 4) to base 2.
-1011000101101
14291 (base 12) to base 4
12312031
Convert -62c5 (base 15) to base 2.
-101000110010101
What is 1221 (base 3) in base 13?
40
What is 2a32 (base 11) in base 5?
111112
Convert -241030 (base 5) to base 10.
-8890
365 (base 8) to base 13
15b
Convert -1320 (base 12) to base 14.
-b20
1500 (base 14) to base 4
322030
-23003 (base 6) to base 10
-3243
Convert -11001 (base 5) to base 10.
-751
What is -1053 (base 14) in base 5?
-42232
Convert 10001 (base 7) to base 6.
15042
Convert 141301 (base 5) to base 7.
22662
What is 1174 (base 9) in base 10?
877
Convert -200121120 (base 3) to base 14.
-4d33
What is -13313 (base 8) in base 6?
-43003
Convert 13c62 (base 16) to base 4.
103301202
What is 3631 (base 7) in base 12?
941
Convert -10628 (base 10) to base 6.
-121112
-314032 (base 6) to base 14
-9420
-20221012 (base 3) to base 9
-6835
Convert -1837 (base 15) to base 10.
-5227
Convert 12444 (base 7) to base 16.
cf3
What is 8287 (base 12) in base 7?
56305
-b5 (base 13) to base 3
-12111
Convert 3724 (base 8) to base 15.
8d9
What is -2303 (base 7) in base 3?
-1010222
What is 2312000 (base 4) in base 12?
68a8
4b59 (base 14) to base 10
13211
Convert -3231 (base 9) to base 3.
-10021001
11023 (base 4) to base 14
199
What is 